 thousands digit of 133816?
3
What is the ten thousands digit of 1011210?
1
What is the hundred thousands digit of 918203?
9
What is the hundred thousands digit of 2116182?
1
What is the ten thousands digit of 2493898?
9
What is the ten thousands digit of 782850?
8
What is the hundreds digit of 759795?
7
What is the ten thousands digit of 497942?
9
What is the tens digit of 5097551?
5
What is the thousands digit of 7379675?
9
What is the units digit of 5187721?
1
What is the tens digit of 1523821?
2
What is the thousands digit of 180783?
0
What is the thousands digit of 183351?
3
What is the ten thousands digit of 466556?
6
What is the hundreds digit of 6231991?
9
What is the hundreds digit of 1452323?
3
What is the units digit of 5557697?
7
What is the ten thousands digit of 8580662?
8
What is the hundreds digit of 20453272?
2
What is the hundred thousands digit of 5849854?
8
What is the thousands digit of 783941?
3
What is the thousands digit of 806250?
6
What is the hundreds digit of 41750?
7
What is the thousands digit of 4080103?
0
What is the tens digit of 226123?
2
What is the ten thousands digit of 14552889?
5
What is the thousands digit of 1729694?
9
What is the hundred thousands digit of 987989?
9
What is the millions digit of 19947854?
9
What is the units digit of 1482464?
4
What is the hundreds digit of 574936?
9
What is the hundred thousands digit of 252053?
2
What is the ten thousands digit of 4595376?
9
What is the hundreds digit of 565664?
6
What is the millions digit of 2431824?
2
What is the ten thousands digit of 627181?
2
What is the hundreds digit of 147772?
7
What is the thousands digit of 3932974?
2
What is the millions digit of 16272963?
6
What is the hundred thousands digit of 124486?
1
What is the tens digit of 54297?
9
What is the ten thousands digit of 1282160?
8
What is the units digit of 353572?
2
What is the thousands digit of 164912?
4
What is the units digit of 522598?
8
What is the hundreds digit of 377605?
6
What is the millions digit of 20494689?
0
What is the hundreds digit of 11226?
2
What is the hundred thousands digit of 641042?
6
What is the ten thousands digit of 1180277?
8
What is the millions digit of 3688814?
3
What is the thousands digit of 13164391?
4
What is the millions digit of 2660815?
2
What is the hundreds digit of 776303?
3
What is the ten thousands digit of 26917?
2
What is the units digit of 772561?
1
What is the ten thousands digit of 493357?
9
What is the hundreds digit of 173478?
4
What is the hundred thousands digit of 199662?
1
What is the tens digit of 2466568?
6
What is the hundreds digit of 204699?
6
What is the tens digit of 360497?
9
What is the units digit of 667151?
1
What is the hundred thousands digit of 279415?
2
What is the units digit of 5857376?
6
What is the thousands digit of 15489315?
9
What is the units digit of 1260834?
4
What is the tens digit of 3766465?
6
What is the tens digit of 7846501?
0
What is the ten thousands digit of 14835886?
3
What is the hundreds digit of 1944945?
9
What is the units digit of 803864?
4
What is the thousands digit of 1108364?
8
What is the tens digit of 160310?
1
What is the units digit of 2316737?
7
What is the hundred thousands digit of 615475?
6
What is the ten thousands digit of 256595?
5
What is the ten thousands digit of 483828?
8
What is the hundreds digit of 3889432?
4
What is the units digit of 25169060?
0
What is the hundreds digit of 1652159?
1
What is the hundreds digit of 178848?
8
What is the units digit of 621776?
6
What is the units digit of 42962094?
4
What is the thousands digit of 4886803?
6
What is the tens digit of 606037?
3
What is the thousands digit of 71261?
1
What is the units digit of 730168?
8
What is the hundreds digit of 858213?
2
What is the hundred thousands digit of 5872021?
8
What is the ten thousands digit of 704679?
0
What is the ten thousands digit of 761996?
6
What is the hundred thousands digit of 1254156?
2
What is the millions digit of 10618061?
0
What is the units digit of 30913763?
3
What is the hundreds digit of 44879?
8
What is the tens digit of 3951838?
3
What is the thousands digit of 9374095?
4
What is the thousands digit of 800805?
0
What is the millions digit of 1236541?
1
What is the tens digit of 8988417?
1
What is the ten thousands digit of 3486231?
8
What is the tens digit of 3700293?
9
What is the ten thousands digit of 904731?
0
What is the units digit of 226508?
8
What is the millions digit of 6302493?
6
What is the thousands digit of 990896?
0
What is the hundreds digit of 26504004?
0
What is the thousands digit of 296176?
6
What is the hundred thousands digit of 11350131?
3
What is the hundreds digit of 180118?
1
What is the thousands digit of 321851?
1
What is the ten thousands digit of 15146160?
4
What is the thousands digit of 1401763?
1
What is the ten thousands digit of 7622545?
2
What is the ten thousands digit of 304289?
0
What is the tens digit of 1949?
4
What is the hundred thousands digit of 371218?
3
What is the hundred thousands digit of 308262?
3
What is the units digit of 265517?
7
What is the thousands digit of 12880737?
0
What is the units digit of 2778459?
9
What is the tens digit of 898080?
8
What is the hundred thousands digit of 3435605?
4
What is the ten thousands digit of 4470154?
7
What is the thousands digit of 358554?
8
What is the hundreds digit of 228888?
8
What is the ten thousands digit of 647088?
4
What is the hundred thousands digit of 281219?
2
What is the thousands digit of 845368?
5
What is the thousands digit of 1319928?
9
What is the ten millions digit of 22967447?
2
What is the units digit of 9298301?
1
What is the hundreds digit of 42461?
4
What is the thousands digit of 62821?
2
What is the hundred thousands digit of 3445027?
4
What is the ten thousands digit of 106823?
0
What is the hundred thousands digit of 248185?
2
What is the hundred thousands digit of 328396?
3
What is the thousands digit of 59300?
9
What is the thousands digit of 613143?
3
What is the hundred thousands digit of 361587?
3
What is the units digit of 4673687?
7
What is the thousands digit of 10572252?
2
What is the thousands digit of 80220?
0
What is the units digit of 1036694?
4
What is the tens digit of 3995971?
7
What is the hundred thousands digit of 4374460?
3
What is the thousands digit of 258794?
8
What is the ten thousands digit of 54017?
5
What is the tens digit of 3358248?
4
What is the thousands digit of 5590947?
0
What is the hundreds digit of 372440?
4
What is the units digit of 548382?
2
What is the units digit of 1071458?
8
What is the tens digit of 15195218?
1
What is the thousands digit of 60555?
0
What is the thousands digit of 447545?
7
What is the tens digit of 2856601?
0
What is the millions digit of 1065903?
1
What is the thousands digit of 87568?
7
What is the hundred thousands digit of 127340?
1
What is the tens digit of 2104301?
0
What is the tens digit of 684718?
1
What is the tens digit of 117826?
2
What is the ten millions digit of 26059440?
2
What is the tens digit of 186722?
2
What is the hundred thousands digit of 899645?
8
What is the hundred thousands digit of 13103940?
1
What is the hundred thousands digit of 906326?
9
What is the hundred thousands digit of 1388361?
3
What is the hundreds digit of 2036826?
8
What is the ten millions digit of 12238683?
1
What is the ten thousands digit of 12556846?
5
What is the ten thousands digit of 618698?
1
What is the units digit of 750075?
5
What is the units digit of 39110?
0
What is the thousands digit of 2336542?
6
What is the units digit of 831256?
6
What is the thousands digit of 1085736?
5
What is the hundred thousands digit of 2272032?
2
What is the hundred thousands digit of 1306873?
3
What is the thousands digit of 54690?
4
What is the thousands digit of 7513214?
3
What is the ten thousands digit of 1918511?
1
What is the hundred thousands digit of 6817513?
8
What is the hundred thousands digit of 612466?
6
What is the ten thousands digit of 96758?
9
What is the ten thousands digit of 112686?
1
What is the units digit of 219437?
7
What is the hundred thousands digit of 134972?
1
What is the units digit of 155285?
5
What is the units digit of 394844?
4
What is the units digit of 5020